he ten thousands digit of 3096090?
9
What is the millions digit of 12472491?
2
What is the ten thousands digit of 373178?
7
What is the units digit of 2513765?
5
What is the tens digit of 2604861?
6
What is the ten thousands digit of 5756298?
5
What is the thousands digit of 149934?
9
What is the hundred thousands digit of 36822148?
8
What is the hundred thousands digit of 5091771?
0
What is the thousands digit of 289234?
9
What is the tens digit of 2100244?
4
What is the hundred thousands digit of 231953?
2
What is the ten thousands digit of 68307?
6
What is the ten thousands digit of 6674440?
7
What is the ten thousands digit of 10915?
1
What is the thousands digit of 59259?
9
What is the units digit of 10403370?
0
What is the units digit of 8936014?
4
What is the units digit of 7613343?
3
What is the thousands digit of 2503327?
3
What is the millions digit of 14154159?
4
What is the hundreds digit of 166996?
9
What is the tens digit of 775725?
2
What is the thousands digit of 3336642?
6
What is the hundreds digit of 4705943?
9
What is the units digit of 156935?
5
What is the ten thousands digit of 11026353?
2
What is the thousands digit of 11882?
1
What is the hundred thousands digit of 44310307?
3
What is the ten thousands digit of 154979?
5
What is the hundred thousands digit of 3606697?
6
What is the thousands digit of 2499452?
9
What is the hundred thousands digit of 4786587?
7
What is the tens digit of 179296?
9
What is the tens digit of 1780817?
1
What is the tens digit of 1277857?
5
What is the hundreds digit of 121748?
7
What is the hundreds digit of 30541?
5
What is the ten thousands digit of 100155?
0
What is the hundred thousands digit of 509080?
5
What is the hundred thousands digit of 965157?
9
What is the thousands digit of 74881?
4
What is the thousands digit of 1022420?
2
What is the ten thousands digit of 146181?
4
What is the units digit of 3378485?
5
What is the hundred thousands digit of 9300136?
3
What is the hundred thousands digit of 538431?
5
What is the ten millions digit of 12475011?
1
What is the units digit of 1198771?
1
What is the tens digit of 1804803?
0
What is the units digit of 17933977?
7
What is the thousands digit of 16506526?
6
What is the ten thousands digit of 17541829?
4
What is the thousands digit of 495968?
5
What is the hundred thousands digit of 509642?
5
What is the ten thousands digit of 6112773?
1
What is the thousands digit of 4706418?
6
What is the tens digit of 165614?
1
What is the tens digit of 207456?
5
What is the ten thousands digit of 7009435?
0
What is the ten thousands digit of 158775?
5
What is the ten millions digit of 13018234?
1
What is the ten thousands digit of 244134?
4
What is the tens digit of 2699237?
3
What is the units digit of 41629162?
2
What is the hundreds digit of 293407?
4
What is the units digit of 234371?
1
What is the thousands digit of 34684?
4
What is the hundred thousands digit of 187051?
1
What is the hundred thousands digit of 3770318?
7
What is the thousands digit of 193131?
3
What is the hundreds digit of 5629338?
3
What is the thousands digit of 1218116?
8
What is the hundreds digit of 6262012?
0
What is the hundreds digit of 2881652?
6
What is the ten thousands digit of 10702971?
0
What is the thousands digit of 996648?
6
What is the millions digit of 5010187?
5
What is the thousands digit of 106021?
6
What is the units digit of 1964699?
9
What is the millions digit of 2765423?
2
What is the hundreds digit of 271805?
8
What is the hundred thousands digit of 1592990?
5
What is the ten millions digit of 17323977?
1
What is the hundreds digit of 216559?
5
What is the ten thousands digit of 1416418?
1
What is the ten thousands digit of 20065096?
6
What is the hundreds digit of 285444?
4
What is the hundred thousands digit of 1788413?
7
What is the hundred thousands digit of 3953880?
9
What is the hundred thousands digit of 1652828?
6
What is the units digit of 5327735?
5
What is the thousands digit of 719536?
9
What is the tens digit of 2263259?
5
What is the tens digit of 15190302?
0
What is the hundreds digit of 2860768?
7
What is the units digit of 2051097?
7
What is the thousands digit of 176677?
6
What is the millions digit of 1377319?
1
What is the ten thousands digit of 3426953?
2
What is the units digit of 640058?
8
What is the units digit of 7033376?
6
What is the ten thousands digit of 20635?
2
What is the thousands digit of 6458222?
8
What is the ten thousands digit of 3155746?
5
What is the ten thousands digit of 141659?
4
What is the thousands digit of 231785?
1
What is the hundreds digit of 363727?
7
What is the hundreds digit of 18627?
6
What is the units digit of 24102?
2
What is the tens digit of 280312?
1
What is the hundred thousands digit of 2992841?
9
What is the hundred thousands digit of 568423?
5
What is the thousands digit of 1114963?
4
What is the units digit of 182693?
3
What is the units digit of 1411000?
0
What is the units digit of 140722?
2
What is the ten thousands digit of 122456?
2
What is the hundred thousands digit of 9095512?
0
What is the ten thousands digit of 2560564?
6
What is the ten thousands digit of 19687873?
8
What is the hundred thousands digit of 2785905?
7
What is the hundreds digit of 400201?
2
What is the ten thousands digit of 2949930?
4
What is the millions digit of 8342006?
8
What is the ten thousands digit of 56784?
5
What is the tens digit of 651516?
1
What is the millions digit of 2943459?
2
What is the units digit of 723110?
0
What is the thousands digit of 680754?
0
What is the thousands digit of 5105441?
5
What is the units digit of 724366?
6
What is the thousands digit of 147788?
7
What is the thousands digit of 160718?
0
What is the hundreds digit of 177856?
8
What is the thousands digit of 1571825?
1
What is the thousands digit of 8107980?
7
What is the units digit of 3148485?
5
What is the thousands digit of 939281?
9
What is the hundred thousands digit of 553049?
5
What is the hundreds digit of 640097?
0
What is the hundreds digit of 1788387?
3
What is the ten thousands digit of 1214891?
1
What is the units digit of 11760070?
0
What is the thousands digit of 15674204?
4
What is the ten thousands digit of 38142327?
4
What is the tens digit of 1259931?
3
What is the tens digit of 397951?
5
What is the ten millions digit of 16577685?
1
What is the thousands digit of 4565387?
5
What is the thousands digit of 136656?
6
What is the hundreds digit of 267470?
4
What is the hundred thousands digit of 294805?
2
What is the hundreds digit of 446672?
6
What is the tens digit of 580391?
9
What is the hundreds digit of 858999?
9
What is the hundred thousands digit of 644415?
6
What is the ten thousands digit of 1934040?
3
What is the hundred thousands digit of 14828365?
8
What is the hundreds digit of 2323381?
3
What is the tens digit of 744306?
0
What is the tens digit of 117873?
7
What is the ten thousands digit of 289884?
8
What is the units digit of 853879?
9
What is the hundreds digit of 134282?
2
What is the thousands digit of 403277?
3
What is the ten thousands digit of 1722762?
2
What is the millions digit of 5108125?
5
What is the ten thousands digit of 277469?
7
What is the thousands digit of 22728832?
8
What is the tens digit of 3462098?
9
What is the millions digit of 1052557?
1
What is the units digit of 605249?
9
What is the hundred thousands digit of 3115380?
1
What is the units digit of 66873?
3
What is the units digit of 1618121?
1
What is the thousands digit of 474914?
4
What is the tens digit of 30479?
7
What is the units digit of 414668?
8
What is the ten millions digit of 10220197?
1
What is the millions digit of 25968287?
5
What is the hundreds digit of 191396?
3
What is the ten thousands digit of 5048371?
4
What is the millions digit of 1343881?
1
What is the ten thousands digit of 20139212?
3
What is the thousands digit of 1736136?
6
What is the thousands digit of 44719531?
9
What is the hundreds digit of 17126990?
9
What is the thousands digit of 464907?
4
What is the units digit of 2388460?
0
What is the hundred thousands digit of 2832333?
8
What is the hundreds digit of 5626122?
1
What is the tens digit of 259597?
9
What is the units digit of 70017?
7
What is the thousands di